 + 74 + 58 = 0. Let d(y) = y**2 - 2*y + 6. Let c(l) = -2*l**2 + 3*l - 6. Suppose 4*o = -0*o + 8. Let q(n) = k*d(n) + o*c(n). Calculate q(0).
6
Let o be (-6 + (11 - 4))/((-1)/(-11)). Let j(t) = -o + 22 - 17 - t. Determine j(6).
-12
Let y(u) = 2*u + 10. Let v(m) = 5. Let c(n) = -2*n**2 - 80*n + 87. Let g be c(-41). Let x(s) = g*v(s) - 2*y(s). Give x(0).
5
Suppose -2*c + 7 + 1 = h, -c + 18 = 4*h. Let t(x) be the second derivative of 7/6*x**3 + 0*x**c + 0 - 18*x. Calculate t(1).
7
Let s(v) = 4*v**2 - 1. Let m(o) = -15*o**2 - o + 6. Let x(a) = 2*m(a) + 7*s(a). Determine x(-3).
-7
Let m(z) = 3*z + 1812. Let l(t) = -t - 481. Let y(h) = -15*l(h) - 4*m(h). Calculate y(26).
45
Let q(v) = -3*v + 50. Let x = 62 + -44. Let r be q(x). Let a(k) = k**2 - 8. Give a(r).
8
Let p(z) = -23*z**3 - 40*z**2 + 10*z - 31. Let a(w) = 2*w**3 + 3*w**2 - w + 3. Let o(t) = 12*a(t) + p(t). Suppose -2*r + r - n = -9, -5*n + 37 = 3*r. Give o(r).
-3
Let u be (2/3)/(5*(-2)/480). Let w be (-7)/(-9) + u/(-144). Let c(i) = -12*i**2 - i + 1. Calculate c(w).
-12
Let v(f) = -7*f + 3. Let t(x) = -14*x + 23. Let i be t(1). Suppose -53 = -i*p - 35. Give v(p).
-11
Let v(t) be the second derivative of -t**5/20 + 5*t**4/6 + 2*t**3 + 13*t**2 - 4176*t. Determine v(11).
37
Let z(v) = 2349*v - 1050*v + 23 + v**2 - 1283*v. Give z(-7).
-40
Let c(u) = 2*u**3 + 6*u**2 + 2. Let s be c(5). Let l(r) = 137 + 134 + 2*r - s + 129 - r**3 + 4*r - 4*r**2. Calculate l(-5).
-7
Let c(w) = w**3 + 3*w**2 - 6*w - 7. Let u be c(-2). Let x(l) = 2 - 6*l + u*l + 13*l - 7*l. What is x(1)?
11
Let m(g) = -2*g**2 - 17*g + 21. Let r be m(-8). Let q(d) = -34*d**2 + 33*d**2 + r*d - 30*d. Calculate q(0).
0
Let m(j) = j**3 - 4*j. Let g(w) = -w**2. Let o(c) = -2*g(c) - m(c). Let h = 421 + -409. Let x be ((8 - h) + 7)*1. What is o(x)?
3
Let j(d) be the third derivative of 1/3*d**3 + 0*d - 62*d**2 + 0 + 1/24*d**4. What is j(3)?
5
Let b = 144 - 143. Let z(p) = 2*p + b + 2 - 2 + p**2 + 11*p**3. Give z(-1).
-11
Let x(i) = -2*i - 7. Let q = -87 - -94. Suppose q*h = 4*h - 4*r - 283, -340 = 4*h - 4*r. Let z = -94 - h. What is x(z)?
3
Let s(a) = -11*a**2 + 41*a + 25. Let m(f) = -20*f**2 - 12 + 2*f + 0 + 43*f**2 - 22*f - 18*f**2. Let h(g) = 7*m(g) + 3*s(g). Give h(9).
0
Let l(u) be the third derivative of u**5/60 - u**4/24 - u**3 + 8*u**2. Let z = 45 + -27. Let o be (-4)/z - 24/(-108). What is l(o)?
-6
Let v = 56 + -25. Suppose -5*f + v = 4*r + 1, -4*f - 7 = -3*r. Let x(h) = -8 + 4*h - r*h + 2*h + 11. Calculate x(-3).
0
Let y(h) be the first derivative of -5*h + 3/2*h**2 - 123. What is y(2)?
1
Suppose 2*a = -3*d + 48, 2*d + 96 = 9*a - 5*a. Suppose -4*i + 3*p = i - a, 3*p - 6 = 0. Let c be (63/6)/3 - (-9)/i. Let o(s) = s**2 - 6*s. What is o(c)?
-5
Let k(j) = j**2 + 12*j + 27. Suppose 9 = 21*q - 22*q. Let y be k(q). Let a(f) = -f**3 - f**2 - 25. Determine a(y).
-25
Suppose -2*f = -f - 2. Let n(i) = -729 + 2*i + 7*i**2 - 721 + 2181 - 732. Calculate n(f).
31
Let z(h) = -h**2 + h + 5. Suppose -2*r + 3*f + 9 = 2*r, -3 = -2*r + 3*f. Suppose 3*i + r*y + 12 = 0, 2*i - 20 = 3*y + 2*y. Calculate z(i).
5
Let q be (-2)/7 + (-116)/(-14). Let f(m) = 48*m + 15 - 5*m - 26*m. Let v(j) = -37*j - 31. Let i(z) = 13*f(z) + 6*v(z). Determine i(q).
1
Let r(x) = -x**2 - 10*x - 10. Let m(n) = -15*n - 21. Let s be 2/(-3) - 4*20/24. Let a be m(s). Suppose -a - 17 = 7*u. Determine r(u).
6
Let m(k) = k**3 + 8*k**2 + 7*k - 5. Let q(p) = 61*p - 42. Let l be q(1). Suppose -l*h + 105 = -34*h. What is m(h)?
-5
Let k(p) = 2*p**2 - p + 1. Let a be 28/(-98) + (-16)/(-7). Suppose 12*y + 4*i = 9*y - 6, -i - a = y. Determine k(y).
11
Let x(l) = -49*l - 4. Let m be (-5 - 69/(-15))/(108/(-30) + 4). What is x(m)?
45
Let m(x) be the second derivative of -1/6*x**3 + 0 - 1/2*x**2 - 13*x. Let d(l) = -l**2 + l. Let v(j) = d(j) - m(j). Give v(2).
1
Suppose 109*n - 6 - 37 = 175. Let r(y) be the first derivative of 43 + 1/2*y**n - 16*y. What is r(7)?
-9
Let m(k) = -k**2 + 6*k - 2. Let j be m(5). Suppose 28 = -j*v + 34. Let i(s) = 9*s**2 + s**3 - 42*s**2 + 2*s + 13*s**v - 2 + 14*s**2. Give i(6).
10
Let g be 229/11 - (-2)/11. Suppose -753 + 81 = -56*i. Suppose 0 = 3*y - g + i. Let z(t) = -t**2 + t - 3. Calculate z(y).
-9
Let w(x) = 6*x + 3. Let p(k) = -20*k**2 + 60*k - 31. Let j(g) = 7*g**2 - 20*g + 10. Let l(i) = 11*j(i) + 4*p(i). Let z be l(6). What is w(z)?
-9
Suppose -38*x = 132 + 96. Let s be (-651)/63 + (-2)/x. Let i(j) be the third derivative of -j**5/60 - 5*j**4/12 + j**3 - j**2. What is i(s)?
6
Let a(s) = s**3 - s - 15. Suppose 35*q + 52 = 36*q. Suppose -q*r - 2 = -2. Determine a(r).
-15
Let c = 635 - 633. Let o(p) = 0*p + 11*p**c + p**3 - 16*p**2 + 2 + 11*p**2 - 9*p - 18. Determine o(-7).
-2
Let t(r) = 6*r + 232. Suppose 344*k + 1634 = 301*k. What is t(k)?
4
Let d(c) = 3776 - 941 - 948 - 943 + 2*c - 942. Calculate d(7).
16
Let b = 41 - 38. Suppose -3*j - 3 = -4*g + 6, -b*g + 10 = j. Let v(d) = -d**2 + 3*d - 3. Calculate v(g).
-3
Let w(n) = 4*n**2 - n. Suppose 4*v + 5*j = -3, -4*j = 6 + 6. Suppose -26*o + 11 = -31*o - s, -3*s + v = -3*o. What is w(o)?
18
Let d = -128 + 143. Suppose -d*f + 37 = -53. Let c(o) = 0*o**3 + o**3 - 3*o + 2 + f*o - 2*o**2 - 2*o**2. Determine c(3).
2
Let s(a) = 2*a**3 + 13*a**2 + 4*a - 12. Let m be s(-6). Let g(d) = d + 7. Let b be g(-5). Let z(v) = b*v - v**2 + 5*v - 5 + m*v. Determine z(6).
1
Let n = -34 + 24. Let o = -6 - n. Suppose s + 47 = -5*t + 5, -5*s = o*t + 42. Let l(k) = 2*k + 6. Determine l(t).
-10
Suppose -1133 = -21*b + 10*b. Let c = b + -99. Let r(u) = u**3 - 2*u**2 - 2*u + 4. Give r(c).
28
Let q(p) = 0 + 52*p + 12 - 437*p**2 - 75*p + 439*p**2 + p**3. Give q(-6).
6
Let s(n) = -18*n - 132. Let p(f) = 9*f + 66. Let a(c) = 13*p(c) + 6*s(c). What is a(-7)?
3
Let t(g) = -12*g**2 - 2*g + 1. Let d(j) = j**3 + 57*j**2 + 12*j - 5. Let h(n) = -d(n) - 4*t(n). What is h(-9)?
37
Suppose 3*z + 15*a = 11*a + 18, -2*a = 4*z - 14. Let y(o) = -2*o**z - 16*o + 5 + 2*o + 8*o - 11. What is y(-3)?
-6
Let s(f) = -f**2. Let d(l) = -l**3 - 6*l**2 - 7. Let z(y) = y**3 + 8*y**2 + y + 7. Let x be z(-8). Let n(w) = x*d(w) - 6*s(w). Calculate n(-12).
7
Let r be (-5)/15 - 322/(-21). Suppose -1 = y - 6, -r = -4*j - 3*y. Let x(h) = h**3 + h**2 - 2. What is x(j)?
-2
Let b = 13716 - 13700. Let r(v) = -2*v**3 + 37*v**2 - 81*v + 17. What is r(b)?
1
Let m(a) be the third derivative of -a**4/12 + 5*a**3/2 + 249*a**2. What is m(7)?
1
Let t(h) = 3*h**2 - 4*h - 2. Let d(z) = 19*z**2 + 6*z + 13. Let r be d(-5). Let v = r - 456. Give t(v).
2
Suppose -f + 5*x + 11 = -6, -x - 9 = -3*f. Let g(h) = -h**f + 8*h**3 - 4 - h**2 + 5. Let y(i) = i**3 + 4*i**2 - 3*i + 11. Let m be y(-5). Calculate g(m).
7
Let b(z) = 8 + 5 - 261*z + 255*z + 1. Let d(p) = -17*p + 41. Let r(j) = -11*b(j) + 4*d(j). Determine r(9).
-8
Let n(m) = m**3 - 3*m**2 + 2*m. Suppose 0*i = -5*a + i + 22, 4*a - 8 = -4*i. Suppose 3*k - 2*w = 32, -a = -k - 2*k - 5*w. Suppose -k*b + 21 = -b. Give n(b).
6
Let o(f) = 63*f + 1. Let t be -2*3/4*676/507. Determine o(t).
-125
Let x(r) = -r**2 + 405*r + 807. Let n be x(-2). Let i(w) = 14*w + 89. Calculate i(n).
-9
Let z(f) be the first derivative of f**3/3 - 7*f**2 + 28*f + 2530. What is z(11)?
-5
Suppose 22*f - 4680 = -8*f. Let p = f + -151. Let w(s) = s**3 - 5*s**2 - 4*s + 7. Determine w(p).
-13
Suppose 4*g = -0*g + 40. Let v(r) = -55*r - 2 + g*r**2 + 52*r - 5*r**2 - r**3. Suppose 5*u = -y - 20, 560*u = -y + 563*u + 20. Calculate v(y).
-17
Let h(g) = -2*g**2 + 704*g - 12027. Let k be h(18). Let s(l) = -10*l - 24. Let z(q) = -3*q - 8. Let y(d) = -3*s(d) + 8*z(d). Calculate y(k).
-10
Let b(u) = u**3 + 23*u**2 + 11*u + 9. Let i(w) = -2*w**3 - 54*w**2 - 23*w - 17. Let l(z) = -5*b(z) - 2*i(z). Calculate l(-6).
7
Suppose -5*n + 56 = 4*p, -n = -5*p + n + 70. Let w be (((-245)/p)/5)/((-1)/2). Let a(m) = -m**2 + 4*m + 4. Calculate a(w).
-17
Suppose 22*o - 4*o = -9*o + 81. Let s(u) = -u + 15. Give s(o).
12
Let s(g) = 18*g**2 + 97*g + 125. Let t(f) = 5*f**2 + 32*f + 41. Let q(r) = -2*s(r) + 7*t(r). Give q(31).
6
Let m(u) = -3*u + 2*u + u**2 - 2 - 2. Let k = -37 + 44. Suppose 2*f - 3*i = -k*i, -4*f - 4*i = 0. Give m(f).
-4
Let u be 11 + 63 + 6/(-2 - -4). Let i = -43 + u. Let b(r) = i*r - 33*r + 2 + 7 - 2. What is b(-8)?
-1
Let t(j) = 7*j + 6. Let w(i) = -i + 1. Let u(n) = -t(n) - 4*w(n). Supp